{"id":1457,"date":"2024-07-16T08:57:31","date_gmt":"2024-07-16T08:57:31","guid":{"rendered":"https:\/\/planeville.ch\/index.php\/chambres-disponibles\/"},"modified":"2024-07-16T08:58:10","modified_gmt":"2024-07-16T08:58:10","slug":"chambres-disponibles","status":"publish","type":"page","link":"https:\/\/planeville.ch\/index.php\/chambres-disponibles\/","title":{"rendered":"Chambres disponibles"},"content":{"rendered":"<div class=\"hotelier\">\n\t\n<p class=\"hotelier-notice hotelier-notice--info hotelier-notice--no-rooms-available\">Nous sommes d\u00e9sol\u00e9s, il n\u2019y a pas de chambre disponible aux dates demand\u00e9es. Veuillez r\u00e9essayer avec des dates diff\u00e9rentes.<\/p>\n\n\n\n<form name=\"hotelier_datepicker\" method=\"post\" id=\"hotelier-datepicker\" class=\"datepicker-form \" action=\"https:\/\/planeville.ch\/index.php\/chambres-disponibles\/\" enctype=\"multipart\/form-data\">\n\n\t\n\t<span class=\"datepicker-input-select-wrapper\"><input class=\"datepicker-input-select\" type=\"text\" id=\"hotelier-datepicker-select\" value=\"\"><\/span>\n\t<input type=\"text\" id=\"hotelier-datepicker-checkin\" class=\"datepicker-input datepicker-input--checkin\" name=\"checkin\" value=\"2026-05-15\" style=\"display: none;\">\n\t<input type=\"text\" id=\"hotelier-datepicker-checkout\" class=\"datepicker-input datepicker-input--checkout\" name=\"checkout\" value=\"2026-05-16\" style=\"display: none;\">\n\n\t<input type=\"submit\" class=\"button button--datepicker\" name=\"hotelier_datepicker_button\" id=\"datepicker-button\" value=\"V\u00e9rifier la disponibilit\u00e9\" \/><\/form>\n\n\n\n<\/div>\n","protected":false},"excerpt":{"rendered":"","protected":false},"author":2,"featured_media":0,"parent":0,"menu_order":0,"comment_status":"closed","ping_status":"closed","template":"","meta":{"site-sidebar-layout":"default","site-content-layout":"","ast-site-content-layout":"default","site-content-style":"default","site-sidebar-style":"default","ast-global-header-display":"","ast-banner-title-visibility":"","ast-main-header-display":"","ast-hfb-above-header-display":"","ast-hfb-below-header-display":"","ast-hfb-mobile-header-display":"","site-post-title":"","ast-breadcrumbs-content":"","ast-featured-img":"","footer-sml-layout":"","theme-transparent-header-meta":"","adv-header-id-meta":"","stick-header-meta":"","header-above-stick-meta":"","header-main-stick-meta":"","header-below-stick-meta":"","astra-migrate-meta-layouts":"set","ast-page-background-enabled":"default","ast-page-background-meta":{"desktop":{"background-color":"","background-image":"","background-repeat":"repeat","background-position":"center center","background-size":"auto","background-attachment":"scroll","background-type":"","background-media":"","overlay-type":"","overlay-color":"","overlay-gradient":""},"tablet":{"background-color":"","background-image":"","background-repeat":"repeat","background-position":"center center","background-size":"auto","background-attachment":"scroll","background-type":"","background-media":"","overlay-type":"","overlay-color":"","overlay-gradient":""},"mobile":{"background-color":"","background-image":"","background-repeat":"repeat","background-position":"center center","background-size":"auto","background-attachment":"scroll","background-type":"","background-media":"","overlay-type":"","overlay-color":"","overlay-gradient":""}},"ast-content-background-meta":{"desktop":{"background-color":"var(--ast-global-color-5)","background-image":"","background-repeat":"repeat","background-position":"center center","background-size":"auto","background-attachment":"scroll","background-type":"","background-media":"","overlay-type":"","overlay-color":"","overlay-gradient":""},"tablet":{"background-color":"var(--ast-global-color-5)","background-image":"","background-repeat":"repeat","background-position":"center center","background-size":"auto","background-attachment":"scroll","background-type":"","background-media":"","overlay-type":"","overlay-color":"","overlay-gradient":""},"mobile":{"background-color":"var(--ast-global-color-5)","background-image":"","background-repeat":"repeat","background-position":"center center","background-size":"auto","background-attachment":"scroll","background-type":"","background-media":"","overlay-type":"","overlay-color":"","overlay-gradient":""}},"footnotes":""},"class_list":["post-1457","page","type-page","status-publish","hentry"],"_links":{"self":[{"href":"https:\/\/planeville.ch\/index.php\/wp-json\/wp\/v2\/pages\/1457","targetHints":{"allow":["GET"]}}],"collection":[{"href":"https:\/\/planeville.ch\/index.php\/wp-json\/wp\/v2\/pages"}],"about":[{"href":"https:\/\/planeville.ch\/index.php\/wp-json\/wp\/v2\/types\/page"}],"author":[{"embeddable":true,"href":"https:\/\/planeville.ch\/index.php\/wp-json\/wp\/v2\/users\/2"}],"replies":[{"embeddable":true,"href":"https:\/\/planeville.ch\/index.php\/wp-json\/wp\/v2\/comments?post=1457"}],"version-history":[{"count":1,"href":"https:\/\/planeville.ch\/index.php\/wp-json\/wp\/v2\/pages\/1457\/revisions"}],"predecessor-version":[{"id":1458,"href":"https:\/\/planeville.ch\/index.php\/wp-json\/wp\/v2\/pages\/1457\/revisions\/1458"}],"wp:attachment":[{"href":"https:\/\/planeville.ch\/index.php\/wp-json\/wp\/v2\/media?parent=1457"}],"curies":[{"name":"wp","href":"https:\/\/api.w.org\/{rel}","templated":true}]}}